o be g(-10). Calculate the greatest common factor of 4 and o.
4
Let z be 0 + 7 - -1*3. Calculate the highest common factor of 80 and z.
10
Let i(y) = -y**2 - 15*y - 14. Let v be i(-9). What is the highest common divisor of v and 10?
10
Let v(p) = -p**3 + 8*p**2 - 8*p + 7. Let z be v(7). Suppose t - 56 - 21 = z. What is the highest common factor of t and 7?
7
Suppose -3*a = -6, -3*o + 71 + 25 = -3*a. Calculate the greatest common factor of o and 102.
34
Let i = -19 + 26. Suppose -2*t - 10 = -2*l, 5*l = -0*l - 5*t - 15. Calculate the highest common divisor of i and l.
1
Let w(h) = h - h + 4 - h**3 + 4*h - 6*h**2. Let m be w(-7). Suppose 2*j - m = f, 4*j - 9 = -4*f + 35. Calculate the highest common factor of 132 and j.
12
Let v(z) = -3*z - 3. Let w be v(-2). Suppose 17 = 5*j - w. Suppose 2*l = -l - 4*m + 35, -j*l = 4*m - 40. Calculate the greatest common factor of l and 1.
1
Let p(o) = 2*o**2 + 23*o - 24. Let x be p(-14). What is the highest common divisor of 69 and x?
23
Let v = -12 + 18. Calculate the greatest common factor of 2 and v.
2
Suppose 0 = n + s, -4*n + 5 = 2*s - 3. Suppose -r - n*c = -8*c - 12, -5*r = -4*c - 76. What is the greatest common divisor of 112 and r?
16
Let i(h) = -2*h + 4. Let v be i(6). Let m be (v/6)/((-3)/18). Let y = -28 - -48. Calculate the highest common divisor of m and y.
4
Let a = -17 + 29. Calculate the highest common factor of a and 24.
12
Let y(d) = -d**3 - d**2 - d + 26. Let t be y(0). Calculate the greatest common divisor of 26 and t.
26
Suppose -v + 229 = -0*v. Let a be (-6)/2*10/(-6). Suppose i = 6*i - a, -4*t + v = 5*i. What is the greatest common divisor of t and 8?
8
Let q = 12 - 10. Suppose 3*a - 289 = 5*k, q*a - a - 93 = k. What is the highest common factor of 22 and a?
22
Suppose -h = -0*h + 2*i - 5, -4*h + 6 = i. Let t(c) = -c + 1. Let w be t(h). Suppose -u + 3*u - 144 = w. Calculate the greatest common factor of u and 8.
8
Let p(t) = t + 7. Let k be p(-8). Let o be 1 + 1 - (2 + k). Let n(z) = 19*z**3 + z. Let m be n(o). Calculate the highest common divisor of 10 and m.
10
Let h be (0 + 2)*121/2. Suppose -7*v = -0*v - 77. Calculate the greatest common divisor of h and v.
11
Suppose -2*z = -6 - 22. Let f = 27 - z. What is the highest common divisor of f and 143?
13
Let f(m) = 4*m**3 - 2*m**2 - 3*m - 1. Let x be f(3). Calculate the greatest common factor of x and 10.
10
Let l(j) = -j**2 - 14*j + 14. Let i be l(-14). Calculate the greatest common divisor of i and 98.
14
Suppose -12*t - 13*t + 150 = 0. Calculate the highest common divisor of 39 and t.
3
Suppose -6*x + 42 = -30. What is the greatest common factor of 4 and x?
4
Let x(b) = -b**3 - 3*b**2 - 3*b - 2. Let y be x(-2). Suppose y = -2*w + s + 29, -2*s + s = -3. Calculate the highest common factor of w and 80.
16
Let i = -43 + 83. Suppose 4*d = 6*d + 20. Let c = d + 20. What is the highest common factor of c and i?
10
Suppose -2*l + 3*a + 615 = 0, 339 = 2*l - 4*a - 271. Suppose 5*n - 2*d = l, -5*n + 2*n + 189 = -5*d. Calculate the highest common divisor of n and 9.
9
Suppose 437 = 4*u - 7. Suppose 9 + u = 4*c. Calculate the highest common factor of c and 12.
6
Suppose 1 = -3*h + 25. Let j(k) = 12 - 5*k + 4*k**2 - k**2 - 2*k**2. Let x be j(h). What is the highest common divisor of x and 4?
4
Let k(f) = f**3 - 6*f**2 + 7*f - 2. Let x be k(6). Calculate the highest common divisor of x and 10.
10
Let o(s) = s + 19. Let t be o(-4). What is the highest common divisor of 15 and t?
15
Let q(r) = -r**3 + 10*r**2 + r + 12. Let n be q(10). What is the greatest common factor of 110 and n?
22
Let z be 10 + -9 + (-1 - -2). Suppose 4 = -z*h + 4*h. What is the highest common divisor of h and 5?
1
Let w(c) = 2*c**2 + 10*c + 8. Let i be w(-6). Suppose 0 = 4*x + i, -25 = -h + 3*x + 10. Calculate the highest common factor of 5 and h.
5
Suppose -16 + 0 = -4*p. Suppose -p = 2*w - 16. What is the greatest common factor of 24 and w?
6
Let p = -1 - 1. Let i be (p/3)/(2/6). Let k be 6 + i + 1 + 2. What is the greatest common factor of 28 and k?
7
Let m(c) = 2*c**2 + 4*c - 9. Let b be m(-5). What is the highest common factor of b and 3?
3
Suppose -2*y + 25 = 2*y - 3*u, 5*u = -5*y + 5. Calculate the greatest common divisor of 20 and y.
4
Let u(l) = -l**3 - 11*l**2 - 11*l. Suppose 0 + 30 = -3*k. Let q be u(k). What is the greatest common divisor of 5 and q?
5
Let a be 2 - 2/(8/60). Let v = 4 - a. What is the highest common factor of 85 and v?
17
Let t(v) = v**2 - 14*v + 27. Let y be t(13). Suppose -5*q + 198 = -2*q + 3*d, 5*q - 5*d = 370. What is the highest common divisor of y and q?
14
Let c = -13 + 24. Suppose -1 = 3*v + c. Let a be v*(-4)/((-4)/(-7)). Calculate the greatest common factor of 42 and a.
14
Let p = -9 - -20. What is the greatest common divisor of 44 and p?
11
Let k = -2 - -5. What is the highest common divisor of k and 3?
3
Let x = 95 + 33. What is the highest common divisor of x and 16?
16
Let y = 3 - 1. Let w be (-4)/8 + 15/y. Calculate the greatest common factor of w and 7.
7
Suppose -5*l + 1210 = -700. Suppose 3*z - 324 = -2*d - d, -z = 4. Suppose -5*i + 450 = -2*q, -5*q + l - d = 3*i. What is the highest common factor of 10 and i?
10
Suppose -10 = -p + 2. Let j(d) = 5*d + 1. Let q(a) = -3*a. Let t(x) = -6*j(x) - 15*q(x). Let k be t(6). Calculate the greatest common divisor of k and p.
12
Suppose -43 = -i - b, 2*i - 58 = i + 2*b. Let p be ((-2)/(-4))/((-3)/(-36)). What is the greatest common divisor of i and p?
6
Let u(p) = -p - 3. Let i be u(-3). Suppose 4*v + i*g = -5*g + 23, -5*g + 35 = 5*v. What is the greatest common factor of v and 84?
12
Let x = -22 + 31. Suppose -4*v + 3*f + 9 = 0, 10 = 5*v - 2*f - 2*f. Calculate the greatest common divisor of v and x.
3
Suppose w - 482 = -5*p, -3*p + 5*w + 77 = -201. What is the greatest common factor of 12 and p?
12
Suppose -3*q - 30 = -8*q. Suppose -4*n + 14 = -q. Calculate the highest common divisor of n and 10.
5
Let r be (-1)/((-10)/38) + 3/15. What is the greatest common divisor of r and 6?
2
Suppose 3*g - 3*h = 22 + 44, 5*h = -2*g + 16. Let b be 27/(1/4 - 2/(-8)). What is the greatest common divisor of b and g?
18
Suppose 6*t - 2*t = 40. What is the greatest common divisor of t and 80?
10
Suppose k + 4*h = -0*k + 1, -4*k + 19 = h. Suppose -k*v + 12 = -2*v. What is the highest common divisor of v and 2?
2
Let h = -17 - -92. Suppose -v - 153 = -5*p, 6*v - 2*v = -12. Calculate the highest common factor of p and h.
15
Let d be (4/5)/(11/55). Let v(x) = -x**3 + 3*x**2 + 6*x - 6. Let t be v(d). Let f = -26 + 44. What is the greatest common divisor of t and f?
2
Suppose 3*t = -2*t + 200. Suppose -3*f - 48 = -2*r - 0*r, 2*r = -f + t. Suppose 5*c - 131 = -r. Calculate the greatest common divisor of c and 55.
11
Let q be (-3)/1*(0 + (-720)/6). Calculate the highest common factor of 45 and q.
45
Let b = 65 + -107. Let z be b/(2*(0 - 1)). Calculate the highest common divisor of z and 21.
21
Let p be -1 + 44 + (-9)/(-3). Let o = -31 + p. Calculate the highest common divisor of 6 and o.
3
Let b be (-1)/((-9)/(-5) + -2). Suppose -5*k = 4*a - 48, -a - 4*k = -b - 7. Let l = a - -4. Calculate the highest common factor of l and 24.
8
Let x be (-3)/(-9) - 5/(-3). Let a be 1 + (-3)/(-1 + -2). Let v = -1 + a. What is the highest common divisor of x and v?
1
Let i(z) = z**3 + 6*z**2 - 5*z - 10. Let r be i(-7). Let a = 8 - r. Calculate the highest common factor of a and 4.
4
Let h(m) = -2*m - 9. Let j = -10 - -3. Let t be h(j). Calculate the greatest common divisor of 15 and t.
5
Let w = 0 + 10. Suppose 103 = 3*i - 107. What is the highest common factor of w and i?
10
Suppose 150 = 5*l - 30. Suppose -5*a + 54 = 3*v, -4*a + 9*a - 57 = -4*v. Calculate the greatest common divisor of a and l.
9
Let m = 145 + -113. What is the greatest common factor of m and 16?
16
Let q(h) = -h**2 - 8*h - 2. Let y be q(-5). Suppose 2*c - 205 = -3*z, 152 = 2*z + 4*c + 2. What is the highest common divisor of y and z?
13
Let m(v) = -v**3 + 9*v**2 - 8*v + 2. Let x be m(8). Let i be 3/x*68/6. Suppose k = 4*k - 561. What is the highest common divisor of k and i?
17
Let s(o) = 4*o**2 - 3*o. Let l = -21 - -18. Let t be s(l). Suppose -5*z = -3*d - 54, 5*d = -z - 0*z - 6. Calculate the highest common divisor of z and t.
9
Suppose 0*y + 90 = 2*y - 2*s, 